se 5, what is 12140 - 1?
12134
In base 2, what is -10 + -101100?
-101110
In base 2, what is -111 + -11100?
-100011
In base 12, what is 281b + 3?
2822
In base 13, what is 401 + -13?
3bb
In base 5, what is 3 + 10?
13
In base 9, what is -3 + -153?
-156
In base 6, what is 50 - -215?
305
In base 10, what is 24 - 18?
6
In base 13, what is -7 + -27?
-31
In base 14, what is 5 + 263?
268
In base 16, what is 5 - c6?
-c1
In base 4, what is 1313 - 1?
1312
In base 10, what is -4 + -102?
-106
In base 14, what is -5 + -670?
-675
In base 5, what is -142 - 10?
-202
In base 15, what is 345 + -5?
340
In base 6, what is -10 + 11?
1
In base 13, what is 1a6 - 5?
1a1
In base 14, what is -798 - -5?
-793
In base 3, what is -212 + 101?
-111
In base 8, what is 4 - -31?
35
In base 5, what is -1230 - -10?
-1220
In base 14, what is 192 - -c?
1a0
In base 6, what is -11 - -241?
230
In base 14, what is -186 + 23?
-163
In base 13, what is 5 - -41?
46
In base 4, what is -102 - 32002?
-32110
In base 10, what is -11 - -112?
101
In base 15, what is 4 - -170?
174
In base 4, what is -1031011 - -3?
-1031002
In base 11, what is -72 + -4?
-76
In base 7, what is 1035 + 2?
1040
In base 12, what is -9 + -1?
-a
In base 8, what is 1 + 0?
1
In base 4, what is -103220 + 3?
-103211
In base 10, what is -63 - -2?
-61
In base 3, what is -1010202 - 11?
-1010220
In base 14, what is -4 - -9?
5
In base 7, what is -2 - -11?
6
In base 3, what is 21 + 1022012?
1022110
In base 12, what is 654 + -3?
651
In base 12, what is -18a4 - -5?
-189b
In base 8, what is -61 - 5?
-66
In base 14, what is -2b - -2a?
-1
In base 15, what is 2b5 - 5?
2b0
In base 3, what is 102001122 - 1?
102001121
In base 8, what is 3 + 77?
102
In base 7, what is 2 + -5226?
-5224
In base 16, what is -18e + -2?
-190
In base 6, what is 300 - 402?
-102
In base 14, what is -57 + 6?
-51
In base 12, what is -53 - -16?
-39
In base 16, what is -46 + 3?
-43
In base 3, what is -22 - 210?
-1002
In base 12, what is 5 - 42?
-39
In base 5, what is -3211 - 2?
-3213
In base 8, what is 5 + 1072?
1077
In base 9, what is -134 - -5?
-128
In base 3, what is 20 + 100210?
101000
In base 8, what is 3 + 3053?
3056
In base 13, what is -58 + -5?
-60
In base 15, what is -c + 22b?
21e
In base 14, what is 36 - 7?
2d
In base 3, what is -2 + -20001112?
-20001121
In base 6, what is 5 - -24?
33
In base 5, what is -4 + -1213?
-1222
In base 9, what is -5 + 2058?
2053
In base 8, what is -37 + -21?
-60
In base 10, what is -2531 - -2?
-2529
In base 10, what is -144 + 1?
-143
In base 2, what is 1010110 - 11?
1010011
In base 6, what is 4152 - -2?
4154
In base 3, what is 2 + -1002112?
-1002110
In base 16, what is 32 + 3?
35
In base 16, what is -9a - -26?
-74
In base 16, what is 2 - -11fe?
1200
In base 5, what is -1 + -34?
-40
In base 3, what is 1222 + -122?
1100
In base 14, what is -3 + 1323?
1320
In base 12, what is 132 - -2?
134
In base 3, what is -10 - -20121?
20111
In base 14, what is -b - 4b?
-58
In base 12, what is -57 + b?
-48
In base 9, what is 34 + -377?
-343
In base 8, what is 15 + -1504?
-1467
In base 7, what is -62 - -104?
12
In base 14, what is -87 + 1?
-86
In base 13, what is -5 - -47?
42
In base 10, what is -3468 - -3?
-3465
In base 9, what is 81 - 16?
64
In base 13, what is 11 + -92?
-81
In base 8, what is 4301 - 2?
4277
In base 14, what is -2 + 286?
284
In base 8, what is 301 + -53?
226
In base 8, what is 4 + -105?
-101
In base 9, what is 5677 - 5?
5672
In base 5, what is 33 + -2?
31
In base 3, what is 220020 - 0?
220020
In base 15, what is -58 + 5?
-53
In base 14, what is 1 + 17?
18
In base 2, what is 110001010 + -100?
110000110
In base 5, what is -10404 - -2?
-10402
In base 2, what is -1100001100001 + -1?
-1100001100010
In base 13, what is 658 - -5?
660
In base 10, what is -473 + 2?
-471
In base 5, what is -1 - -10042?
10041
In base 16, what is e84 + 4?
e88
In base 12, what is -b + 6?
-5
In base 11, what is 148 + -3?
145
In base 10, what is -6176 + -5?
-6181
In base 9, what is 2 - 545?
-543
In base 16, what is 4 + -36?
-32
In base 10, what is 1 + -694?
-693
In base 10, what is -96 + -2?
-98
In base 8, what is 3 + -442?
-437
In base 3, what is 12001000 - 0?
12001000
In base 5, what is -10 + 41204?
41144
In base 3, what is -12 + -10221001?
-10221020
In base 4, what is -213 + -12?
-231
In base 9, what is -174 - -4?
-170
In base 12, what is 4 - 11?
-9
In base 10, what is -4 + -183?
-187
In base 16, what is -2 + 6f2?
6f0
In base 3, what is -222211120 + 12?
-222211101
In base 7, what is -142 + 2?
-140
In base 3, what is -22121 + -1?
-22122
In base 9, what is -16 - 50?
-66
In base 3, what is 10211 - 12221?
-2010
In base 10, what is -6 - -45?
39
In base 14, what is 5 + -c?
-7
In base 11, what is 20 - 223?
-203
In base 10, what is -2176 - 2?
-2178
In base 8, what is -13 + -5?
-20
In base 15, what is -4a71 + 0?
-4a71
In base 12, what is 10 - 2?
a
In base 5, what is 0 + -12043?
-12043
In base 9, what is 48 - -12?
61
In base 6, what is 2 + 234?
240
In base 15, what is -2 - -1b5?
1b3
In base 9, what is -763 - -2?
-761
In base 16, what is 6c06 + 3?
6c09
In base 15, what is e7 - -5?
ec
In base 5, what is 0 + -10221?
-10221
In base 8, what is -15 + 1?
-14
In base 5, what is -21 - -143?
122
In base 11, what is -5 - -206?
201
In base 2, what is -10000110 + -111?
-10001101
In base 11, what is -5 + -16?
-20
In base 14, what is -41b - 5?
-422
In base 4, what is 100 + 122?
222
In base 11, what is -78 - -1a?
-59
In base 4, what is -3 - -132022?
132013
In base 10, what is 5 + -76?
-71
In base 11, what is -19 + -31?
-4a
In base 5, what is 0 - 3?
-3
In base 5, what is 2 + 22231?
22233
In base 4, what is 10212 + -11?
10201
In base 9, what is -6 + 365?
358
In base 3, what is -200 - -11?
-112
In base 11, what is 160 - 9?
152
In base 4, what is -11 + -210?
-221
In base 7, what is -16 - 1016?
-1035
In base 4, what is -130 - 101?
-231
In base 9, what is 4 - 42?
-37
In base 4, what is -310 + -2?
-312
In base 2, what is 1000 - 100010?
-11010
In base 11, what is 470 - -3?
473
In base 13, what is -8 - -158?
150
In base 2, what is 101 + -11101000111?
-11101000010
In base 3, what is 12 + 2012?
2101
In base 11, what is -779 - 0?
-779
In base 7, what is 2 - 4414?
-4412
In base 11, what is -20 - 3?
-23
In base 7, what is -3 + 130?
124
In base 7, what is -3 - 1010?
-1013
In base 8, what is -5250 + 1?
-5247
In base 9, what is 4 + 1?
5
In base 9, what is 3 + -75?
-72
In base 6, what is 3 + -22512?
-22505
In base 12, what is 1849 + 0?
1849
In base 12, what is 4 + -36?
-32
In base 4, what is 1010 + -3?
1001
In base 14, what is -1c81 - 4?
-1c85
In base 16, what is -34ad - 5?
-34b2
In base 6, what is -11 - 2401?
-2412
In base 16, what is -1027 + -3?
-102a
In base 6, what is -23 + 1114?
1051
In base 8, what is 1 - -3736?
3737
In base 7, what is 112 - 6?
103
In base 9, what is 33 + -23?
10
In base 15, what is c - -9d?
aa
In base 14, what is 0 - -9c0?
9c0
In base 2, what is 100 + -101111010?
-101110110
In base 7, what is 233 - -2?
235
In base 16, what is -5 + -919?
-91e
In base 7, what is 11 - -3?
14
In base 9, what is -75 - 1?
-76
In base 7, what is 126 + -5?
121
In base 5, what is 1 + -4424?
-4423
In base 7, what is 30 - -24?
54
In base 5, what is -10 - 40?
-100
In base 12, what is -114 - -5?
-10b
In base 15, what is 7 + -e?
-7
In base 9, what is -110 + -3?
-113
In base 16, what is b48 + -2?
b46
In base 4, what is 203 - 1?
202
In base 16, what is -5 - -16a?
165
In base 9, what is 6 - 836?
-830
In base 13, what is -12 - 73?
-85
In base 8, what is 32 - -545?
577
In base 10, what is 2 + 2001?
2003
In base 16, what is -11 - 6?
-17
In base 9, what is 3 - 14?
-11
In base 3, what is 2122 - 20?
2102
In base 4, what is 2 + 1031?
1033
In base 9, what is 8 - 31?
-22
In base 5, what is 132 + -134?
-2
In base 4, what is 10 + -30?
-20
In base 10, what is 43 + -10?
33
In base 10, what is -1054 - -2?
-1052
In base 4, what is 1123301 - 11?
1123230
In base 5, what is -322 + 33?
-234
In base 3, what is 20011 - -20002?
110020
In base 6, what is -5 + -1240?
-1245
In base 16, what is -3 + cb?
c8
In base 9, what is 2711 + -3?
2707
In base 9, what is -4 - -85?
81
In base 6, what is 1 - -5?
10
In base 12, what is 115 - -b7?
210
In base 2, what is 1101110111 - 101?
1101110010
In base 5, what is -300 + -23?
-323
In base 6, what is